(base 5) to base 4
10222
What is -14 (base 14) in base 6?
-30
-31 (base 12) to base 15
-27
Convert -22 (base 9) to base 11.
-19
-3 (base 8) to base 10
-3
What is -1 (base 2) in base 16?
-1
What is -3 (base 11) in base 10?
-3
Convert 5 (base 10) to base 6.
5
2202 (base 3) to base 5
244
Convert -1 (base 9) to base 5.
-1
4 (base 6) to base 13
4
Convert -24 (base 10) to base 11.
-22
Convert -5a (base 11) to base 13.
-50
6 (base 15) to base 12
6
-6 (base 11) to base 16
-6
Convert -63 (base 7) to base 5.
-140
Convert -46 (base 8) to base 4.
-212
2 (base 16) to base 3
2
-31 (base 4) to base 16
-d
What is 11 (base 10) in base 14?
b
What is 10100 (base 2) in base 4?
110
-100 (base 2) to base 7
-4
What is -1 (base 5) in base 7?
-1
What is de (base 15) in base 5?
1314
Convert 234 (base 7) to base 9.
146
-1122 (base 3) to base 15
-2e
46 (base 10) to base 4
232
-25 (base 16) to base 14
-29
Convert 12 (base 6) to base 4.
20
-3 (base 16) to base 14
-3
Convert 1112 (base 4) to base 8.
126
-1 (base 7) to base 4
-1
What is -10 (base 3) in base 4?
-3
2 (base 8) to base 16
2
What is -20 (base 9) in base 11?
-17
Convert 1 (base 10) to base 13.
1
35 (base 11) to base 14
2a
-1a (base 11) to base 9
-23
-1 (base 5) to base 12
-1
Convert -69 (base 11) to base 12.
-63
1 (base 14) to base 10
1
Convert -101 (base 9) to base 11.
-75
Convert -10 (base 6) to base 7.
-6
What is -3 (base 5) in base 16?
-3
Convert -1122 (base 3) to base 4.
-230
What is -8 (base 16) in base 15?
-8
What is -6 (base 9) in base 12?
-6
-9 (base 11) to base 3
-100
Convert 4 (base 16) to base 4.
10
Convert 312 (base 7) to base 6.
420
What is 12 (base 8) in base 13?
a
-a6 (base 15) to base 12
-110
-3 (base 10) to base 3
-10
Convert 216 (base 14) to base 12.
2a4
Convert 16 (base 15) to base 4.
111
Convert 4 (base 7) to base 2.
100
What is 15 (base 12) in base 5?
32
Convert 3 (base 6) to base 4.
3
What is -110 (base 4) in base 3?
-202
Convert 3 (base 14) to base 2.
11
What is 5b (base 15) in base 12?
72
What is 12 (base 3) in base 6?
5
Convert -2 (base 9) to base 8.
-2
14 (base 5) to base 4
21
21 (base 14) to base 7
41
What is 140 (base 5) in base 4?
231
17 (base 11) to base 9
20
Convert -3 (base 14) to base 7.
-3
What is a (base 13) in base 8?
12
Convert -21 (base 7) to base 8.
-17
Convert 13 (base 5) to base 6.
12
What is 31 (base 8) in base 2?
11001
What is -1 (base 14) in base 5?
-1
Convert -6 (base 13) to base 8.
-6
What is -3 (base 9) in base 4?
-3
What is 15 (base 8) in base 5?
23
What is 1 (base 16) in base 8?
1
6 (base 8) to base 4
12
What is -5 (base 13) in base 15?
-5
What is -31 (base 6) in base 15?
-14
What is -1 (base 4) in base 7?
-1
-74 (base 11) to base 13
-63
-dc (base 14) to base 2
-11000010
What is 6 (base 13) in base 5?
11
Convert -a (base 13) to base 4.
-22
Convert -3 (base 12) to base 6.
-3
What is -73 (base 12) in base 11?
-7a
What is -5 (base 6) in base 3?
-12
What is 3 (base 4) in base 16?
3
e (base 15) to base 12
12
3 (base 13) to base 8
3
What is -12 (base 3) in base 6?
-5
What is -16 (base 8) in base 2?
-1110
What is -10 (base 5) in base 3?
-12
Convert 81 (base 10) to base 2.
1010001
Convert -4 (base 14) to base 8.
-4
Convert -110010 (base 2) to base 15.
-35
What is 29 (base 15) in base 14?
2b
-127 (base 10) to base 15
-87
-201 (base 6) to base 12
-61
Convert -251 (base 9) to base 6.
-544
What is -212 (base 3) in base 4?
-113
-3 (base 9) to base 8
-3
-6 (base 7) to base 15
-6
Convert 30 (base 4) to base 9.
13
What is -12 (base 8) in base 15?
-a
2 (base 7) to base 11
2
Convert -3 (base 5) to base 4.
-3
Convert 1100100 (base 2) to base 4.
1210
Convert -2 (base 13) to base 15.
-2
Convert 2 (base 7) to base 10.
2
-40 (base 13) to base 6
-124
102 (base 8) to base 3
2110
10 (base 7) to base 6
11
Convert -c (base 13) to base 7.
-15
Convert -7 (base 9) to base 4.
-13
What is 28 (base 9) in base 3?
222
-130 (base 10) to base 13
-a0
What is -20 (base 13) in base 16?
-1a
-10101 (base 2) to base 15
-16
10 (base 15) to base 12
13
What is -3 (base 4) in base 2?
-11
What is -1d (base 15) in base 8?
-34
220 (base 6) to base 5
314
Convert a7 (base 14) to base 15.
9c
-2d (base 14) to base 5
-131
-5 (base 15) to base 3
-12
c (base 13) to base 10
12
17 (base 16) to base 15
18
412 (base 5) to base 13
83
-13 (base 7) to base 3
-101
10 (base 12) to base 8
14
Convert -7 (base 9) to base 7.
-10
What is 111 (base 2) in base 14?
7
-22 (base 10) to base 12
-1a
What is 0 (base 8) in base 11?
0
4 (base 10) to base 9
4
What is -10001 (base 2) in base 11?
-16
-bd (base 14) to base 11
-142
-2 (base 12) to base 2
-10
8 (base 14) to base 7
11
Convert -432 (base 6) to base 4.
-2210
Convert 4 (base 8) to base 9.
4
10 (base 13) to base 8
15
-149 (base 14) to base 13
-171
Convert 3 (base 14) to base 11.
3
66 (base 11) to base 3
2200
-8 (base 14) to base 3
-22
What is -13 (base 12) in base 4?
-33
12131 (base 4) to base 16
19d
-442 (base 5) to base 8
-172
What is -1f (base 16) in base 11?
-29
-120 (base 3) to base 5
-30
211 (base 3) to base 8
26
2 (base 10) to base 14
2
What is 1124 (base 5) in base 16?
a4
Convert 133 (base 4) to base 12.
27
-21 (base 9) to base 10
-19
What is 103 (base 6) in base 8?
47
What is 41 (base 5) in base 4?
111
What is 101101 (base 2) in base 4?
231
Convert -74 (base 16) to base 6.
-312
What is -20 (base 14) in base 7?
-40
Convert -6 (base 7) to base 3.
-20
Convert 12 (base 5) to base 6.
11
What is 2 (base 14) in base 4?
2
-6 (base 9) to base 10
-6
Convert -a (base 12) to base 10.
-10
-2 (base 4) to base 14
-2
Convert 20 (base 10) to base 12.
18
What is 3 (base 8) in base 15?
3
10 (base 4) to base 10
4
What is 50 (base 7) in base 5?
120
-bf (base 16) to base 12
-13b
Convert 14 (base 13) to base 4.
101
-2 (base 10) to base 12
-2
Convert 142 (base 13) to base 6.
1011
0 (base 6) to base 7
0
Convert 61 (base 9) to base 3.
2001
Convert 130 (base 14) to base 10.
238
Convert 124 (base 7) to base 2.
1000011
Convert -189 (base 12) to base 3.
-100020
-362 (base 7) to base 2
-10111111
What is 2 (base 4) in base 9?
2
-1 (base 14) to base 16
-1
-4 (base 13) to base 7
-4
Convert 2a (base 13) to base 15.
26
Convert -12 (base 10) to base 16.
-c
4 (base 6) to base 15
4
Convert 91 (base 15) to base 8.
210
Convert 1 (base 12) to base 7.
1
What is -1b (base 12) in base 6?
-35
Convert 10 (base 2) to base 13.
2
-2 (base 5) to base 6
-2
41 (base 5) to base 9
23
What is 122 (base 8) in base 14?
5c
-3 (base 15) to base 4
-3
Convert -2d (base 14) to base 13.
-32
What is 25 (base 12) in base 16?
1d
What is 2 (base 8) in base 14?
2
2 (base 10) to base 7
2
-2 (base 10) to base 16
-2
Convert -21 (base 5) to base 14.
-b
What is 97 (base 15) in base 3?
12021
123 (base 5) to base 7
53
Convert 1011 (base 2) to base 4.
23
0 (base 13) to base 3
0
-44 (base 9) to base 2
-101000
-18 (base 16) to base 4
-120
Convert -1 (base 12) to base 10.
-1
0 (base 9) to base 6
0
-3 (base 8) to base 4
-3
-2 (base 14) to base 16
-2
1001100 (base 2) to base 15
51
100000110 (base 2) to base 9
321
What is 26 (base 7) in base 15?
15
Convert 16 (base 11) to base 7.
23
-302 (base 4) to base 8
-62
11 (base 8) to base 2
1001
What is -1 (base 16) in base 6?
-1
68 (base 16) to base 4
1220
Convert 0 (base 11) to base 14.
0
d (base 16) to base 5
23
-111100 (base 2) to base 11
-55
What is -3 (base 13) in base 14?
-3
Convert -4 (base 10) to base 16.
-4
What is -2 (base 12) in base 10?
-2
Convert 251 (base 7) to base 2.
10000110
-1 (base 6) to base 4
-1
4 (base 16) to base 4
10
Convert -4 (base 13) to base 15.
-4
Convert -2 (base 16) to base 15.
-2
72 (base 16) to base 6
310
1002 (base 3) to base 11
27
Convert -b (base 14) to base 3.
-102
-22 (base 3) to base 11
-8
-3 (base 13) to base 7
-3
What is -6 (base 11) in base 15?
-6
What is -2 (base 3) in base 12?
-2
What is b (base 12) in base 11?
10
What is 231 (base 5) in base 8?
102
What is 60 (base 16) in base 5?
341
Convert 7 (base 11) to base 16.
7
-18 (base 13) to base 10
-21
Convert -4b (base 15) to base 9.
-78
Convert 3201 (base 4) to base 12.
169
Convert 1002 (base 5) to base 2.
1111111
Convert 12 (base 3) to base 13.
5
What is -18 (base 9) in base 3?
-122
-25 (base 13) to base 2
-11111
What is 0 (base 11) in base 2?
0
Convert -1f (base 16) to base 14.
-23
Convert 4 (base 15) to base 11.
4
Convert 